ulate the greatest common factor of t and 5.
5
Let j(m) = -15*m - 40. Let w(s) = 7*s + 20. Let f(i) = 6*j(i) + 13*w(i). Let v be f(-15). Let n = v + 40. Calculate the highest common factor of 15 and n.
15
Let k be 20*-7*1*18/(-63). Let t(i) be the first derivative of 3*i**3 - 3*i**2/2 + 8*i - 14. Let n be t(4). What is the greatest common factor of k and n?
20
Let w(l) = -l**3 - 4*l**2 - 5*l - 11. Let i be w(-4). Suppose 260 = -i*n + 14*n. Let q = -38 + n. What is the greatest common divisor of 35 and q?
7
Let f be (-26)/(-7) - 12/(-42). Suppose 0 = q + 27 + f. Let i = -30 - q. Calculate the greatest common divisor of 3 and i.
1
Let h(c) = -18*c - 9*c**2 + 42 + c**3 - 9*c**2 + 8 - 6*c**2 + 5*c**2. Let f be h(20). Calculate the highest common factor of f and 15.
15
Let a(t) = 6*t + 178. Let m be a(-23). Let v be (m/8 - 0) + 4. Calculate the greatest common divisor of v and 39.
3
Suppose -5*o + 3 = 3*i, o - 3 = 5*i - 8. Let w be (-962)/(-13) - o/1. Calculate the highest common divisor of w and 370.
74
Suppose 4 = t - 10. Suppose 19474*c = 19471*c. Suppose c = b - t - 6. Calculate the highest common factor of 4 and b.
4
Let u be ((-12)/4)/(-5 + 2). Let p be (-3 + u)/((-2)/(-1) - 3). What is the highest common factor of p and 46?
2
Let t = 5593 - 5575. Calculate the greatest common divisor of t and 534.
6
Suppose -4*r + 180 = r. Suppose -3*i + 30 = 2*i. Let l be 4/(1/i + 0). What is the greatest common divisor of l and r?
12
Suppose 24*b + 262 = 1126. Suppose -10 = j + 5*t - 24, 4*t + 104 = 4*j. Calculate the highest common factor of b and j.
12
Let q be 21798/(-98) + (-8)/14. Let m = 281 - q. Calculate the highest common divisor of 72 and m.
72
Suppose -22*d - 9507 = -30742 - 31455. Calculate the greatest common divisor of 5 and d.
5
Suppose -3*y = j - 28 - 3, -163 = -3*j + 5*y. Let o be ((0 - 0) + 2)*23. What is the greatest common divisor of j and o?
46
Suppose -3 + 0 = -y. Suppose 5*k + 10 = 0, 2*k = -v - y*k - 9. What is the greatest common divisor of 2 and v?
1
Suppose 14*q + 52*q + 152*q - 59296 = 0. Suppose 37 = -4*r + 173. Calculate the greatest common factor of r and q.
34
Suppose -7*p + 17 = 3. Suppose 3*q + 2*s = 69, -6*q = -p*q + 5*s - 85. Suppose -5*b = -165 + 65. What is the greatest common divisor of q and b?
5
Let w(n) be the first derivative of n**3/3 - 14*n**2 - 91*n - 9. Let k be w(33). Calculate the greatest common factor of 74 and k.
74
Let b = 38 - 74. Let y be 2*24*(-12)/b. Let r be 6/33 + 1582/11. What is the highest common factor of y and r?
16
Let u(g) = -22*g + 146. Let c(m) = -19*m + 146. Let s(b) = 4*c(b) - 3*u(b). Let q be s(14). Let v = 10 + -6. What is the highest common divisor of q and v?
2
Suppose 74423 - 40798 + 72103 = 236*q. Calculate the highest common factor of q and 63.
7
Let z(r) = -2*r**2 + 2*r - 3. Let x be z(2). Let o be (0 - (5 - 2)) + 5. Let g be 55 + 7 + x + 1 + o. Calculate the greatest common factor of g and 29.
29
Let w be ((-2)/(-3))/((-1)/(-3)). Let d be (9 - 11)*(0 - (-12)/3). Let j be 1/d - (-209)/8. What is the highest common factor of j and w?
2
Let u = 34637 + -33872. What is the highest common factor of u and 4131?
153
Suppose 3*t - m = 12, 0 = 17*t - 21*t - 5*m + 35. Let f(k) = 12*k**2 + 17*k + 51. Let x be f(-7). What is the highest common factor of x and t?
5
Suppose 2*m + 2*m = l - 80, -3*m - 3*l = 60. Let p be (-10*1/m)/(1/34). Let r be 16/(-4) + 172 + 2. Calculate the highest common divisor of r and p.
17
Suppose -6*d + 11*d - 10 = 0. Suppose f - d*f - 11 = -s, -2*s - 4*f + 46 = 0. What is the highest common factor of s and 80?
5
Let u = -1715 - -1863. What is the greatest common divisor of 851 and u?
37
Suppose -2*c - 2*q + 29898 = 0, -2670*q - 14946 = -c - 2674*q. Calculate the greatest common divisor of c and 92.
46
Suppose -5*i = -10*i, i - 210 = -5*z. Suppose 5*y - 2*w - 2*w = 580, 5*y + 3*w - 545 = 0. What is the highest common factor of y and z?
14
Suppose -6*d + 21 = d. Suppose d = 4*h - q, 5*q + 15 = 7*h - 2*h. Suppose h = -14*a + 8*a + 24. Calculate the highest common factor of 16 and a.
4
Let h be 5/(-3)*(-8 + 2). Suppose -180 = -h*w - 20*w. Calculate the highest common divisor of 39 and w.
3
Suppose -4*r + 0*r - 5*j - 8 = 0, -j - 4 = 0. Suppose 64 = m + r*m. Let v = 28 - m. Calculate the highest common divisor of 132 and v.
12
Let s = -9802 - -10250. What is the greatest common factor of s and 832?
64
Let p(b) = 86*b**2 - 413*b + 42. Let d be p(-6). What is the highest common divisor of 96 and d?
48
Suppose 0 = -3*k + 4*s - 2239, -2*k + 3*k + 2*s + 743 = 0. Let h = -329 - k. Let a be 13*1/(4/16). What is the highest common divisor of a and h?
52
Let r(g) = 146*g - 704. Let f be r(5). What is the greatest common divisor of f and 702?
26
Let z(h) be the second derivative of h**4/12 - 33*h**2 + 2*h + 30. Let u be z(-12). What is the greatest common divisor of 26 and u?
26
Let q(l) = -l + 20. Let u be q(0). Let y(d) = -10*d + 5 + 13 - 16*d - 6*d. Let j be y(-1). Calculate the greatest common factor of j and u.
10
Suppose 6 = -2*t - 10. Let d be (3 - -6)/((-6)/16). Let b be ((-16)/(-6))/(t/d). Calculate the greatest common divisor of b and 12.
4
Let f(w) = 1039*w - 39. Let l be f(1). Calculate the highest common divisor of l and 600.
200
Let w = 379 + 864. What is the greatest common divisor of w and 791?
113
Suppose 848 - 3279 = -187*a. What is the greatest common factor of a and 3523?
13
Suppose 8*x = -0 + 40. Let v(o) = x*o**2 - 2*o**2 - 11*o - 2 - o**2. Let u be v(6). What is the greatest common divisor of u and 44?
4
Let i(o) = 3*o**3 - 204*o**2 + 204*o - 188. Let g be i(67). Suppose 86 + 161 = p. Calculate the highest common divisor of p and g.
13
Let s be -5 + 32/4 + (-1 - 3). Let d be 8/4 + (s - -150) + 3. What is the highest common factor of d and 44?
22
Let g(i) = -901*i + 2723. Let h be g(3). What is the greatest common factor of 3980 and h?
20
Let x(w) = 3*w**2 + 34*w - 15. Let r be x(-17). Suppose -r - 3398 = -24*f. Calculate the highest common divisor of 17 and f.
17
Let f = -658 - -727. What is the greatest common divisor of 4209 and f?
69
Suppose -33*t = 5*k - 28*t - 135, 2*t = 4*k - 66. What is the greatest common factor of k and 7780?
20
Let b = 2971 - 2959. What is the greatest common divisor of b and 8376?
12
Let u = 451 - 421. Let y be 3/2*(-4 - -2). Let r be ((-16)/y)/((-7)/(-315)). What is the highest common factor of r and u?
30
Suppose -26*w = -20*w. Let s(i) = 4*i - 32. Let q be s(15). Suppose w = 2*p - 6*p + q. What is the highest common factor of 21 and p?
7
Let x = 1 + 0. Let u(b) = -b**3 + 48*b**2 + 98*b + 104. Let p be u(50). Suppose -p*m + 28 = -0*m. Calculate the greatest common factor of m and x.
1
Let g = 30 - 36. Let o be (-4)/3*(g - -3). Let m be 20 - o/(8/6). What is the greatest common factor of m and 34?
17
Let v(f) be the third derivative of f**5/60 + 5*f**4/8 + 29*f**3/3 + 2*f**2 + 23*f. Let x be v(-7). Calculate the greatest common divisor of x and 22.
2
Let w = -36 + 61. Let m(o) = -6*o**2 - 3*o + 159. Let k be m(-4). What is the greatest common factor of k and w?
25
Let z = -656 + 8906. What is the greatest common factor of z and 264?
66
Suppose -107*j = -136564 + 13514. Calculate the greatest common divisor of 300 and j.
50
Let p be 2 + -4 + 189 + 2. Let s(j) = -j**3 - 16*j**2 + 17*j + 27. Let i = 149 + -166. Let r be s(i). Calculate the greatest common factor of r and p.
27
Let j(y) = -1772*y + 9262. Let r be j(5). What is the greatest common divisor of r and 6?
6
Let z be 4/7 + (32/(-56) - -2). Suppose 7*v - 9*v = -6, -f - z*v + 721 = 0. Calculate the highest common factor of 11 and f.
11
Let w(b) = 5*b - 12. Let g be w(3). Suppose -4*d = -4*v + 456, 451 = 4*v - 0*d - g*d. Let h = v - 105. What is the highest common factor of h and 4?
4
Let p be -3 + 1188 - 64/64. Calculate the highest common divisor of 16 and p.
16
Suppose -59*x = -108*x + 62*x - 78975. Calculate the highest common factor of x and 135.
135
Suppose 0 = 42*b - 3645 + 873. Calculate the greatest common factor of 638 and b.
22
Suppose -2*o - 4*t = -3912, -2*o = -t + 1303 - 5225. What is the greatest common divisor of 200 and o?
40
Suppose 228 = -4*z + f, -f + 23 = -2*z - 93. Let v = z - -58. Suppose 0 = 3*a - v - 4. Calculate the greatest common factor of 3 an